{"id":283,"date":"2018-06-12T22:25:03","date_gmt":"2018-06-12T19:25:03","guid":{"rendered":"https:\/\/tapau.lt\/pamokos\/?page_id=283"},"modified":"2021-04-02T15:56:01","modified_gmt":"2021-04-02T12:56:01","slug":"kursu-sarasas","status":"publish","type":"page","link":"https:\/\/tapau.lt\/pamokos\/","title":{"rendered":"Kurs\u0173 s\u0105ra\u0161as"},"content":{"rendered":"<p>[et_pb_section fb_built=&#8221;1&#8243; admin_label=&#8221;Section&#8221; _builder_version=&#8221;4.9.2&#8243; min_height=&#8221;90%&#8221; height=&#8221;90%&#8221;][et_pb_row column_structure=&#8221;1_2,1_2&#8243; _builder_version=&#8221;4.9.2&#8243; background_size=&#8221;initial&#8221; background_position=&#8221;top_left&#8221; background_repeat=&#8221;repeat&#8221;][et_pb_column type=&#8221;1_2&#8243; _builder_version=&#8221;4.9.2&#8243; custom_padding=&#8221;|||&#8221; custom_padding__hover=&#8221;|||&#8221;][et_pb_text admin_label=&#8221;Text&#8221; _builder_version=&#8221;4.9.2&#8243; _module_preset=&#8221;default&#8221;]<img decoding=\"async\" src=\"https:\/\/tapau.lt\/pamokos\/wp-content\/uploads\/2017\/11\/Agne-Kisonaite-piesia.jpg\" alt=\"\" \/>[\/et_pb_text][\/et_pb_column][et_pb_column type=&#8221;1_2&#8243; _builder_version=&#8221;4.9.2&#8243; custom_padding=&#8221;|||&#8221; custom_padding__hover=&#8221;|||&#8221;][et_pb_text admin_label=&#8221;Text&#8221; _builder_version=&#8221;4.9.3&#8243; _module_preset=&#8221;default&#8221; custom_margin=&#8221;||200px||false|false&#8221; hover_enabled=&#8221;0&#8243; sticky_enabled=&#8221;0&#8243;]<br \/>\nSveiki,<br \/>\ndaugiau nei 4 metus mokydama kitus tapyti, pama\u010diau, kiek \u017emoni\u0173 nori i\u0161mokti meno paslap\u010di\u0173, ta\u010diau bijo prad\u0117ti. Vieni susid\u016br\u0117 su paty\u010diomis dail\u0117s mokykloje, tod\u0117l bijo grupini\u0173 u\u017esi\u0117mim\u0173, kiti galvoja, kad dail\u0117 \u201etikrai ne jiems\u201c ar \u201eneturi tam talento\u201c. Nesvarbu, ar tu vaikas, ar suaug\u0119s &#8211; dail\u0117s pagrind\u0173 gali i\u0161mokti kiekvienas.\u00a0Tod\u0117l kvie\u010diu prisijungti ir pabandyti. Esu tikra, jog patiks \ud83d\ude42<\/p>\n<p><a href=\"\/pamokos\/login\">Prisijungti prie tapybos kurs\u0173 galima spaud\u017eiant \u010dia\u00a0\u00bb<\/a><br \/>\n<a href=\"\/pamokos\/registracija\">Registracija turint kod\u0105 &#8211; \u010dia \u00bb<\/a><br \/>\n<a href=\"https:\/\/tapau.lt\/produktas\/tapybos-kursai-as-noriu-tapyti\/\">\u012esigyti tapybos kursus galima \u010dia \u00bb<\/a><\/p>\n<p><br \/>\n[\/et_pb_text][\/et_pb_column][\/et_pb_row][\/et_pb_section]<\/p>\n","protected":false},"excerpt":{"rendered":"<p> Sveiki, daugiau nei 4 metus mokydama kitus tapyti, pama\u010diau, kiek \u017emoni\u0173 nori i\u0161mokti meno paslap\u010di\u0173, ta\u010diau bijo prad\u0117ti. [&hellip;]<\/p>\n","protected":false},"author":1,"featured_media":0,"parent":0,"menu_order":0,"comment_status":"closed","ping_status":"closed","template":"","meta":{"_et_pb_use_builder":"on","_et_pb_old_content":"","_et_gb_content_width":"","footnotes":""},"class_list":["post-283","page","type-page","status-publish","hentry"],"_links":{"self":[{"href":"https:\/\/tapau.lt\/pamokos\/wp-json\/wp\/v2\/pages\/283","targetHints":{"allow":["GET"]}}],"collection":[{"href":"https:\/\/tapau.lt\/pamokos\/wp-json\/wp\/v2\/pages"}],"about":[{"href":"https:\/\/tapau.lt\/pamokos\/wp-json\/wp\/v2\/types\/page"}],"author":[{"embeddable":true,"href":"https:\/\/tapau.lt\/pamokos\/wp-json\/wp\/v2\/users\/1"}],"replies":[{"embeddable":true,"href":"https:\/\/tapau.lt\/pamokos\/wp-json\/wp\/v2\/comments?post=283"}],"version-history":[{"count":23,"href":"https:\/\/tapau.lt\/pamokos\/wp-json\/wp\/v2\/pages\/283\/revisions"}],"predecessor-version":[{"id":449,"href":"https:\/\/tapau.lt\/pamokos\/wp-json\/wp\/v2\/pages\/283\/revisions\/449"}],"wp:attachment":[{"href":"https:\/\/tapau.lt\/pamokos\/wp-json\/wp\/v2\/media?parent=283"}],"curies":[{"name":"wp","href":"https:\/\/api.w.org\/{rel}","templated":true}]}}